00 and 18648.
504
Calculate the greatest common divisor of 31953376 and 78624.
2912
Calculate the highest common divisor of 63 and 48363.
21
Calculate the greatest common divisor of 495 and 705760.
55
What is the highest common factor of 8042 and 118354114?
8042
Calculate the highest common divisor of 11428 and 219004.
4
What is the greatest common factor of 83304 and 3018613?
1157
Calculate the greatest common divisor of 297451 and 13769.
7
What is the highest common factor of 2320 and 2768224?
464
Calculate the highest common divisor of 957 and 31726377.
87
Calculate the greatest common divisor of 70428979 and 2513.
359
Calculate the highest common divisor of 7098352 and 144.
16
What is the greatest common factor of 719 and 203543867?
719
Calculate the greatest common divisor of 219 and 318986348.
73
Calculate the greatest common divisor of 28324330 and 10.
10
Calculate the greatest common factor of 42556845 and 15.
15
Calculate the highest common factor of 21228 and 339474.
174
What is the highest common divisor of 66250688 and 256?
64
What is the greatest common factor of 65065592 and 8?
8
Calculate the highest common divisor of 8802314 and 1112.
278
What is the greatest common divisor of 1375 and 36989425?
275
Calculate the greatest common factor of 475944 and 142044.
84
What is the highest common divisor of 37572 and 397536?
1212
What is the greatest common divisor of 537056 and 47632?
208
What is the highest common divisor of 8536738 and 1957?
19
What is the greatest common factor of 541947940 and 20?
20
Calculate the highest common divisor of 8 and 96526944.
8
Calculate the greatest common factor of 41052906 and 270.
54
What is the highest common factor of 549084 and 96?
12
Calculate the highest common factor of 5188316 and 1650369.
5047
Calculate the greatest common factor of 12212 and 121552.
284
What is the highest common divisor of 2876175 and 6750?
675
Calculate the greatest common factor of 2779 and 3728227.
397
Calculate the greatest common divisor of 343111255 and 1003.
1003
Calculate the highest common divisor of 307340 and 10122662.
2794
What is the highest common factor of 132310 and 12759330?
1010
Calculate the highest common factor of 20068236 and 27.
27
Calculate the highest common factor of 3435435718 and 34.
34
Calculate the highest common divisor of 334 and 365483842.
334
Calculate the greatest common divisor of 218637653 and 26.
13
What is the highest common factor of 62 and 21005662?
62
What is the greatest common divisor of 47861 and 3615681?
4351
Calculate the greatest common factor of 370592 and 174640.
592
Calculate the greatest common factor of 2849 and 3235687.
259
Calculate the greatest common divisor of 11725455 and 477.
159
What is the greatest common factor of 28 and 71032976?
28
Calculate the greatest common divisor of 11384626 and 2046.
682
What is the highest common divisor of 7852 and 36114?
26
What is the greatest common factor of 194761776 and 33?
33
Calculate the highest common factor of 22789186 and 754.
58
Calculate the highest common divisor of 34579 and 8476664.
229
Calculate the greatest common factor of 59891 and 13897.
13
What is the greatest common factor of 2686 and 29313503?
79
Calculate the highest common factor of 19231484 and 1390.
278
What is the highest common factor of 214672 and 283600?
16
What is the highest common divisor of 538255 and 2385?
5
Calculate the highest common factor of 36905 and 98759.
61
Calculate the highest common divisor of 148 and 12751384.
148
What is the highest common factor of 2653764 and 639044?
3148
What is the greatest common factor of 955 and 10725?
5
Calculate the highest common factor of 379697 and 80475.
29
Calculate the highest common factor of 206859 and 11607.
159
Calculate the greatest common divisor of 8571199 and 3668.
917
What is the greatest common divisor of 5282272 and 230?
46
What is the highest common divisor of 5187877 and 1139?
67
What is the greatest common divisor of 68837361 and 1185?
237
What is the greatest common factor of 21822 and 3678?
6
What is the highest common divisor of 2658 and 14972071?
443
What is the highest common divisor of 1428 and 20143956?
84
Calculate the highest common divisor of 778 and 12725357.
389
What is the highest common factor of 38149914 and 297?
33
What is the greatest common factor of 309 and 15403856?
103
Calculate the greatest common factor of 151471154 and 19.
19
What is the highest common factor of 475 and 125751025?
475
What is the greatest common divisor of 32860 and 11284?
124
Calculate the highest common divisor of 1012 and 1088956.
44
Calculate the greatest common divisor of 560 and 73079650.
70
Calculate the greatest common factor of 24 and 16883304.
24
Calculate the greatest common factor of 531675 and 3366.
153
What is the highest common divisor of 70338 and 16302?
114
Calculate the highest common divisor of 6531360 and 6320.
80
Calculate the greatest common divisor of 2826 and 1136209.
157
Calculate the greatest common divisor of 220017906 and 9432.
2358
What is the greatest common factor of 504 and 84901656?
168
What is the highest common divisor of 313470 and 824826?
258
Calculate the greatest common divisor of 123018082 and 110.
22
What is the highest common divisor of 4450160 and 780?
260
Calculate the highest common divisor of 570929460 and 1633.
1633
Calculate the highest common divisor of 2769 and 25395669.
39
What is the highest common divisor of 5368 and 14872?
88
What is the greatest common factor of 14326 and 31060250?
494
What is the greatest common divisor of 9891760 and 980?
20
Calculate the greatest common divisor of 1364457 and 75717.
141
Calculate the highest common factor of 2018640410 and 5570.
5570
Calculate the highest common factor of 598 and 42413242.
46
Calculate the highest common factor of 288715 and 1228955.
2555
Calculate the greatest common divisor of 123323860 and 266750.
10670
What is the greatest common divisor of 1107890 and 798?
266
What is the highest common divisor of 4248628 and 3800?
76
What is the greatest common divisor of 84289 and 2164324?
2719
Calculate the greatest common divisor of 1012 and 24256858.
46
Calculate the highest common divisor of 2023234 and 304.
38
Calculate the highest common factor of 44241101 and 38.
19
Calculate the greatest common factor of 270896384 and 2816.
2816
Calculate the highest common factor of 314909374 and 26.
26
Calculate the highest common factor of 3386465 and 18791.
817
What is the greatest common divisor of 38980 and 1342080?
20
Calculate the greatest common divisor of 1048355 and 2107.
49
What is the greatest common divisor of 20 and 1022521540?
20
Calculate the greatest common divisor of 6628765 and 6604.
1651
Calculate the highest common factor of 2784 and 491916.
12
Calculate the greatest common divisor of 7755744 and 480.
96
What is the greatest common divisor of 110 and 12318581?
11
What is the greatest common divisor of 3081 and 11545534?
1027
What is the greatest common factor of 72292 and 1381732?
1364
What is the greatest common factor of 273725 and 9550?
25
Calculate the highest common divisor of 396989 and 996.
83
Calculate the greatest common divisor of 1007 and 17152337.
53
Calculate the highest common divisor of 204081 and 28674.
177
Calculate the greatest common factor of 31350 and 15543.
33
What is the highest common factor of 14790 and 28768?
58
What is the highest common divisor of 312 and 112405696?
104
Calculate the highest common factor of 67050 and 9890.
10
Calculate the highest common factor of 46698 and 3533844.
1086
What is the highest common divisor of 44411 and 22161?
89
Calculate the greatest common factor of 123 and 190859223.
123
What is the greatest common divisor of 6672296 and 136?
136
Calculate the greatest common divisor of 6449481 and 579.
579
Calculate the greatest common divisor of 120636700 and 228.
76
What is the greatest common factor of 2412 and 462142148?
268
Calculate the highest common divisor of 2743986 and 94326.
474
What is the highest common factor of 84 and 404988?
12
What is the highest common factor of 289 and 26081383?
289
Calculate the greatest common divisor of 220 and 1419605.
55
What is the highest common divisor of 57 and 164314717?
19
Calculate the 